?
5
What is the millions digit of 232689638?
2
What is the hundreds digit of 6942183294?
2
What is the ten thousands digit of 2349342755?
4
What is the hundreds digit of 841397114?
1
What is the ten millions digit of 143049350?
4
What is the hundreds digit of 265486592?
5
What is the hundred thousands digit of 6215447700?
4
What is the ten millions digit of 235599707?
3
What is the units digit of 28403204?
4
What is the ten millions digit of 2215733067?
1
What is the ten thousands digit of 282553833?
5
What is the thousands digit of 9037287?
7
What is the ten thousands digit of 285602034?
0
What is the thousands digit of 431820859?
0
What is the hundred thousands digit of 272486941?
4
What is the ten millions digit of 62541042?
6
What is the thousands digit of 46857126?
7
What is the ten millions digit of 84295822?
8
What is the thousands digit of 677774904?
4
What is the thousands digit of 113438662?
8
What is the millions digit of 225626952?
5
What is the ten thousands digit of 17346115?
4
What is the hundred millions digit of 253889444?
2
What is the ten thousands digit of 63104560?
0
What is the tens digit of 361289267?
6
What is the millions digit of 45997390?
5
What is the hundreds digit of 1706359910?
9
What is the hundred millions digit of 1908425072?
9
What is the millions digit of 72903033?
2
What is the ten millions digit of 51251456?
5
What is the hundreds digit of 99063424?
4
What is the ten thousands digit of 594446239?
4
What is the ten thousands digit of 183577950?
7
What is the millions digit of 80684256?
0
What is the hundred millions digit of 385967842?
3
What is the thousands digit of 92635499?
5
What is the millions digit of 293070132?
3
What is the millions digit of 120251392?
0
What is the hundreds digit of 3960393357?
3
What is the tens digit of 251001777?
7
What is the billions digit of 2369134909?
2
What is the hundreds digit of 37826158?
1
What is the hundred thousands digit of 270429807?
4
What is the millions digit of 818752574?
8
What is the hundreds digit of 247896452?
4
What is the ten millions digit of 30100354?
3
What is the billions digit of 1938527806?
1
What is the tens digit of 99316496?
9
What is the thousands digit of 632664770?
4
What is the ten millions digit of 100225211?
0
What is the thousands digit of 17250833?
0
What is the hundred thousands digit of 246700437?
7
What is the thousands digit of 96071822?
1
What is the ten millions digit of 366399618?
6
What is the hundred thousands digit of 75749414?
7
What is the hundred thousands digit of 296138768?
1
What is the ten thousands digit of 127109145?
0
What is the ten millions digit of 1807761522?
0
What is the units digit of 29394221?
1
What is the units digit of 896753650?
0
What is the ten millions digit of 372468798?
7
What is the tens digit of 89482178?
7
What is the ten thousands digit of 222597909?
9
What is the hundred millions digit of 116348891?
1
What is the millions digit of 1747788535?
7
What is the thousands digit of 13622755?
2
What is the hundreds digit of 3444160040?
0
What is the thousands digit of 1595381691?
1
What is the units digit of 1126533490?
0
What is the thousands digit of 39531931?
1
What is the millions digit of 7953270?
7
What is the hundreds digit of 37245647?
6
What is the hundred thousands digit of 16061397?
0
What is the hundred millions digit of 793947308?
7
What is the ten thousands digit of 4048552861?
5
What is the units digit of 67924925?
5
What is the tens digit of 91089455?
5
What is the tens digit of 65725728?
2
What is the thousands digit of 4077666939?
6
What is the ten thousands digit of 5786612110?
1
What is the ten millions digit of 53793264?
5
What is the tens digit of 237998262?
6
What is the hundreds digit of 30705098?
0
What is the ten thousands digit of 43556541?
5
What is the ten millions digit of 29698668?
2
What is the ten thousands digit of 74196086?
9
What is the ten thousands digit of 412013506?
1
What is the tens digit of 228372911?
1
What is the thousands digit of 382639203?
9
What is the tens digit of 504326647?
4
What is the ten millions digit of 6930527861?
3
What is the ten thousands digit of 29145759?
4
What is the units digit of 19338007?
7
What is the units digit of 65191254?
4
What is the hundred millions digit of 655772882?
6
What is the ten millions digit of 65425486?
6
What is the thousands digit of 86770456?
0
What is the units digit of 309924598?
8
What is the hundred thousands digit of 1005291425?
2
What is the thousands digit of 82245430?
5
What is the millions digit of 164081120?
4
What is the billions digit of 1080141079?
1
What is the hundreds digit of 41980096?
0
What is the units digit of 789223594?
4
What is the ten thousands digit of 20121817?
2
What is the ten thousands digit of 116689490?
8
What is the hundreds digit of 47107027?
0
What is the hundreds digit of 120934937?
9
What is the millions digit of 31517082?
1
What is the hundred thousands digit of 374108960?
1
What is the ten thousands digit of 61706800?
0
What is the ten thousands digit of 38643432?
4
What is the hundred thousands digit of 39391869?
3
What is the hundred millions digit of 131362660?
1
What is the millions digit of 1696630269?
6
What is the hundred thousands digit of 1274294053?
2
What is the thousands digit of 73673245?
3
What is the thousands digit of 2896198938?
8
What is the tens digit of 8764089?
8
What is the hundred millions digit of 258149419?
2
What is the hundreds digit of 70660340?
3
What is the ten thousands digit of 78543456?
4
What is the thousands digit of 41982172?
2
What is the millions digit of 2840639704?
0
What is the hundreds digit of 7264160?
1
What is the units digit of 310639559?
9
What is the hundred millions digit of 361813001?
3
What is the units digit of 136673201?
1
What is the hundred thousands digit of 50015786?
0
What is the hundred thousands digit of 176606404?
6
What is the ten thousands digit of 44081464?
8
What is the ten thousands digit of 842294217?
9
What is the ten millions digit of 174276488?
7
What is the millions digit of 365173044?
5
What is the tens digit of 132198896?
9
What is the units digit of 348612405?
5
What is the thousands digit of 85101564?
1
What is the hundreds digit of 158696903?
9
What is the hundreds digit of 41162586?
5
What is the ten thousands digit of 743443207?
4
What is the hundreds digit of 3573929561?
5
What is the hundred thousands digit of 66933490?
9
What is the hundred thousands digit of 3354559070?
5
What is the ten thousands digit of 112578157?
7
What is the hundreds digit of 1975201?
2
What is the hundred thousands digit of 1020141964?
1
What is the ten millions digit of 30291232?
3
What is the ten thousands digit of 1190125408?
2
What is the billions digit of 4077699986?
4
What is the tens digit of 1835713686?
8
What is the ten thousands digit of 19796595?
9
What is the millions digit of 343010588?
3
What is the tens digit of 210381130?
3
What is the ten millions digit of 14294475?
1
What is the ten thousands digit of 2927591114?
9
What is the millions digit of 256881044?
6
What is the thousands digit of 43169104?
9
What is the ten millions digit of 79370170?
7
What is the ten millions digit of 58708061?
5
What is the ten thousands digit of 2508456328?
5
What is the units digit of 198908397?
7
What is the tens digit of 54312807?
0
What is the units digit of 63557177?
7
What is the hundreds digit of 513601924?
9
What is the thousands digit of 41868292?
8
What is the millions digit of 266799155?
6
What is the hundred millions digit of 146534048?
1
What is the tens digit of 236038615?
1
What is the hundred millions digit of 279149523?
2
What is the hundreds digit of 20421731?
7
What is the thousands digit of 94748658?
8
What is the millions digit of 186882768?
6
What is the units digit of 803013749?
9
What is the millions digit of 145695014?
5
What is the ten millions digit of 96513066?
9
What is the thousands digit of 40960873?
0
What is the units digit of 22510333?
3
What is the hundreds digit of 445738480?
4
What is the ten millions digit of 24688644?
2
What is the ten thousands digit of 122623890?
2
What is the tens digit of 2212498200?
0
What is the tens digit of 1716106727?
2
What is the tens digit of 154940850?